?
11
Let d(x) = x**2 + 7*x - 8. Let t(n) = -n**2 + 8*n - 16. Let q be t(7). Let r be d(q). Suppose 2*w = r + 30. What is the highest common factor of w and 4?
4
Let h(o) = o**2 - 9*o + 8. Let g be h(11). Let c = g + -16. Calculate the greatest common divisor of 98 and c.
14
Let g = -166 - -181. Calculate the greatest common factor of g and 80.
5
Let g be 4/3*4*27. Let p(o) = 17*o**3 - 2*o**2 + 2*o - 1. Suppose 2 = 6*a - 4. Let y be p(a). Calculate the highest common factor of g and y.
16
Suppose -2*z = -2*a - 148, 5*a = 17*z - 16*z - 62. Calculate the greatest common divisor of 14 and z.
7
Let k be 1/(5/35 + 4/(-77)). What is the greatest common divisor of k and 11?
11
Let g = -7 + 3. Let j be 29 + (g - (-1 - 1)). What is the highest common divisor of 243 and j?
27
Let w be ((-12)/(-8))/(36/2496). Calculate the greatest common divisor of 65 and w.
13
Let q = -1192 + 1363. What is the greatest common factor of q and 38?
19
Let k be (36/(-5) + 0)*(-795)/212. Let h be (27/2)/((-2)/(-20)). What is the greatest common factor of h and k?
27
Suppose 7*o = 2*o + 75. What is the highest common factor of o and 25?
5
Suppose 2*n = 5*o + 7*n + 355, 3*o - 5*n + 181 = 0. Let l = o + 88. What is the highest common factor of l and 7?
7
Let p be ((-84)/16)/(-7)*16. Calculate the greatest common factor of 1404 and p.
12
Suppose -42 + 162 = 24*s. Suppose 2*x - 6 = 64. Calculate the greatest common divisor of s and x.
5
Let j(h) = -h + 7. Let l(s) = -2*s - 2. Let y be l(2). Let z be j(y). Calculate the highest common divisor of 91 and z.
13
Let x be (-10)/(-75) + ((-1064)/30)/(-4). Suppose 2*v + x - 69 = 0. What is the highest common factor of 75 and v?
15
Let y = 0 + 0. Let w be (-12)/(-4) - (3 - y). Suppose w = -r + 7 - 0. What is the highest common divisor of 49 and r?
7
Let i = -51 - -83. Let b = i - 17. Calculate the highest common divisor of 10 and b.
5
Suppose 2*y - 932 - 1018 = 0. Suppose -7*f + 1300 = -y. Suppose 0 = -3*m - 61 + f. What is the highest common divisor of m and 8?
8
Let c = -141 - -411. Suppose 4*a = 3*k + c, 4*k + 62 = 4*a - 206. Calculate the highest common divisor of a and 46.
23
Let l = 135 + -92. What is the highest common divisor of 4859 and l?
43
Suppose p = -2*p - 84. Let a = p + 49. Let s be -2 + -17 + 9 - -13. Calculate the greatest common divisor of a and s.
3
Let u = 22 + -32. Let x be (1 - -1)*(-35)/u. What is the highest common factor of x and 14?
7
Let x(n) = -52*n - 21. Let m be x(-6). Suppose -2*u + m = -19. Calculate the greatest common divisor of 62 and u.
31
Let w = 6 - -3. Let h = 13 - w. Suppose 0 = 7*r - 2*r + h*j - 70, -j + 67 = 4*r. What is the greatest common factor of 6 and r?
6
Let m(v) = v**3 + v**2 + v + 3. Let b be m(0). Let s = b + 5. What is the greatest common divisor of 24 and s?
8
Suppose 8*y - 188 = -28. Let q = 2 - 3. Let a(o) = -49*o**3 + 2*o**2 + o. Let i be a(q). Calculate the greatest common divisor of y and i.
10
Let o(h) = 3*h**2 + 14*h + 4. Let i(a) = 15*a + 23. Let u be i(-2). Let p be o(u). Calculate the greatest common factor of p and 53.
53
Let h(v) = -v**3 - 14*v**2 - 19*v - 146. Let a be h(-14). Suppose 0 = -u + 20 + 10. Calculate the highest common factor of a and u.
30
Let i = 1383 - 1378. What is the greatest common factor of 215 and i?
5
Suppose -2*r + 106 + 50 = 0. Let f(x) = -42*x**2 - 297*x - 15. Let z be f(-7). Calculate the highest common divisor of r and z.
6
Let a be (-9)/(-3 + (-32)/(-12)). Suppose 3*q - a = -4*w + 2, w = -2*q + 1. What is the highest common factor of 77 and w?
11
Let m(c) = c + 10. Let w be m(-6). Suppose r + 4 = 7. Suppose -z + 38 = 2*t, 4*z + r*t = t + 122. Calculate the highest common divisor of w and z.
4
Let f = -45 - -41. Let c(m) = -6*m - 19. Let v be c(f). What is the highest common factor of v and 3?
1
Let t = 9 - 4. Suppose -m = -t*c - 24, -4*m + c = -c - 42. Suppose w - 3*h + 24 = 3*w, 4*h - 8 = 0. Calculate the greatest common divisor of w and m.
9
Let s be 77/110*624 - (-1)/5. What is the greatest common factor of s and 23?
23
Let w(t) = -6*t + 281. Let f be w(34). Calculate the greatest common factor of 176 and f.
11
Let j(l) = l**3 + 14*l**2 + 25*l + 16. Let g be j(-11). Suppose -4*x + 2*p = -x - g, -3*x + 114 = 3*p. Calculate the highest common divisor of 9 and x.
9
Let y(v) = v**3 - 5*v**2 + 4. Let t be y(8). Let h = 426 + -398. What is the highest common divisor of h and t?
28
Let j be 72/60 - 2/10. Let q be (2 + -3 + 3)/2. Let g be -10 + 7 - (-7)/q. What is the highest common divisor of g and j?
1
Suppose j = -5*o + 24, 18*j + o = 16*j + 12. Calculate the greatest common divisor of 44 and j.
4
Let l be (-3 - 1 - 2)*-2. Let n be 15*((-4)/l - (0 + -1)). What is the greatest common divisor of 50 and n?
10
Let r = -311 - -406. Let o = 22 + 16. Calculate the greatest common divisor of o and r.
19
Suppose -m - 3192 = -5*o + m, -3*m = 2*o - 1273. What is the greatest common divisor of 58 and o?
58
Let j be (-76)/(-14) - (364/49 + -7). Calculate the greatest common divisor of 230 and j.
5
Suppose 4*c + 0*c = 4*x - 128, 2*x - c = 63. Let n(i) = -48*i - 85. Let t be n(-5). What is the greatest common divisor of t and x?
31
Let o(x) = x**3 - x**3 + x + 7*x**2 - x**3 - 2*x + 10. Let h be o(6). Let a(k) = 11*k - 6. Let i be a(6). Calculate the highest common divisor of i and h.
20
Suppose -3*k - 5 = 4*x, 5*x - 10*k - 8 = -9*k. What is the greatest common factor of 3 and x?
1
Let k(q) = -2 + 4*q + 3 + 174*q**2 - 158*q**2. Let a be k(-5). Let w = -262 + a. Calculate the greatest common divisor of w and 17.
17
Let s be (848/5)/(7/(-245)*-7). Calculate the highest common divisor of 16 and s.
16
Let r = -28 - -31. Suppose -r*o - 95 = -5*x, -3*x + 64 - 1 = -3*o. Calculate the highest common factor of 16 and x.
16
Suppose 0 = -4*v - 5 - 7. Let n be 2/(3/v)*-1. Let h(w) = -w**3 + 2*w**2 + w. Let q be h(n). Calculate the greatest common divisor of 4 and q.
2
Let f = 1992 + 328. What is the highest common divisor of 160 and f?
80
Let l = 202 - 194. What is the highest common factor of l and 4?
4
Suppose -4*z - 232 = -388. What is the greatest common factor of z and 3?
3
Let f(m) = 2*m**2 + 4*m - 5. Let v be f(-4). Suppose 0 = -27*d + 17*d + 770. Calculate the greatest common factor of v and d.
11
Let p(l) = -3*l**3 + 46*l**2 + 31*l + 40. Let a be p(16). Calculate the highest common divisor of 27 and a.
3
Suppose 0 = 3*n - 0*n + 30. Let m = n - -11. Let p be -1*(-1 - m) - -12. What is the greatest common divisor of 7 and p?
7
Let z = -10 + 14. Suppose -n + h = 4*h - 157, -5*n + z*h = -804. Suppose -59 + 79 = b. Calculate the greatest common divisor of n and b.
20
Let s = -4 - -7. Let z(u) = -u**2 - 42*u + 92. Let v be z(-44). What is the highest common divisor of s and v?
1
Suppose 2*q - 5*m = 88, 3*q - 15*m - 154 = -13*m. What is the greatest common divisor of q and 135?
27
Suppose -1271 = -2*t + t. What is the greatest common divisor of 31 and t?
31
Suppose -4*h + 4*s + 2 = -22, 0 = -2*h + 3*s + 10. Suppose -d + 2 = -h. What is the highest common divisor of 30 and d?
10
Let r(p) be the second derivative of -15/2*p**2 + 5*p + 17/6*p**3 + 0. Let i be r(12). What is the highest common factor of i and 21?
21
Let z be (-10)/25*(-10)/3*3. Suppose -l - 2*q + 119 = z*l, -2*l - 4*q = -54. Calculate the greatest common divisor of 253 and l.
23
Suppose 9*v - 13*v + 380 = 4*r, 0 = 2*v. What is the greatest common divisor of 20 and r?
5
Suppose 29*u - 48 = 21*u. What is the greatest common factor of u and 294?
6
Let m be (1 - 1/(-1))/((-20)/(-530)). Suppose 4*o = 5*c - 312, -4*c - 5*o + m + 172 = 0. What is the greatest common factor of c and 15?
15
Let u be 53/6 + (-88)/(-528). Calculate the highest common divisor of 27 and u.
9
Let c be (1/(-1))/(-2)*12. Let l be ((-220)/c + 0)/(1/(-3)). What is the highest common divisor of 10 and l?
10
Let f be 10/((-80)/(-12)) + 458/4. Calculate the highest common divisor of f and 8.
4
Let q be (-3)/(-1) + 5*(-6 + 7). Suppose 0 = -h - 5 + 25. Calculate the greatest common factor of q and h.
4
Let v = -518 - -524. What is the greatest common factor of 156 and v?
6
Let p(x) = 5*x + 15. Let z(u) = -1. Let q(s) = -p(s) + z(s). Let d be q(-8). Calculate the greatest common divisor of 264 and d.
24
Let p = -4 + 7. Suppose 39 = 5*x - 2*j, 0